l(b).
-11
Let w(g) = -7625497 - 3*g + 7625580 - 2*g. Calculate w(9).
38
Let n = -95 + 114. Let w(r) = -6 - 3 + n - 10*r**2 + r**3 + 7*r + 3*r. Calculate w(9).
19
Let u(i) = 3*i - 17. Suppose -7 = -5247*p + 5240*p. Determine u(p).
-14
Let o(g) = 1285*g - 562*g - 719*g + 32 - g**2. Calculate o(7).
11
Let y(i) be the first derivative of 23*i**2/2 - 4*i + 1535. What is y(-1)?
-27
Let y(f) = -4*f + 118. Suppose -14*v = 40*v - 322 - 920. Give y(v).
26
Let t(s) = -s - 5. Let w be t(-7). Let x(y) be the third derivative of 0 - 1/3*y**3 + 0*y - 1/60*y**5 - 1/24*y**4 + 15*y**2 + 1/60*y**6. Determine x(w).
8
Suppose x - 7 = -t, 21 - 4 = x - t. Let i(a) = a**3 - 12*a**2 + 4*a - 30. Let j be i(x). Let y(g) = 10*g - 14 - 9*g + j. Determine y(-5).
-1
Let t(p) = -p - 2. Let l(d) be the second derivative of -d**3/6 - 3*d**2/2 - 3*d - 29. Let h(u) = l(u) - 5*t(u). Calculate h(-7).
-21
Let w(r) = -r - 18. Let j be 117/65 - 330/(-25). What is w(j)?
-33
Let l(s) be the second derivative of -5*s**3/3 - s**2/2 - 66*s. Let t = 61 - 63. Calculate l(t).
19
Let f(c) = -7*c**2 - 32*c - 31. Let v be f(-1). Let o(d) = -d**2 + 49. Determine o(v).
13
Let p(h) = 9*h - 3. Let s(x) = 22*x - 8. Let z(a) = 12*p(a) - 5*s(a). Let k = -568 + 610. Let r be (k/(-28))/(2/4). Determine z(r).
10
Let p(a) = -3*a**2 - 6*a - 14. Let l(k) = -4*k**2 - 5*k - 12. Let g(c) = -5*l(c) + 4*p(c). Give g(-2).
34
Let x(u) = u**3 + 11*u**2 + 23*u - 6. Suppose -175*l + 112 = -189*l. Determine x(l).
2
Let v = -612 - -615. Suppose v*r - 5*u + 4 = 0, r + 4 = 2*r + u. Let x(c) be the first derivative of -2*c**3/3 + c**2 - c - 1. Calculate x(r).
-5
Suppose -7*z + 9 = -4*z + 2*k, -4*k = -z + 17. Let l(a) = -7*a + 32. Calculate l(z).
-3
Let o(c) = -2*c**3 + c**2 + 1. Let y(p) = 17*p**3 - 24*p**2 - 23*p + 84. Let m(b) = -8*o(b) - y(b). Calculate m(17).
10
Let i(q) = 4*q**2 + q**3 + 532 + 0*q - 10*q - 525 + 4*q. Determine i(-5).
12
Let c(o) = 19*o - 20 - 5 - 8 - 9*o. Give c(3).
-3
Suppose -2*k + 5*k + 5*s = -30, 3*s + 29 = -4*k. Let d(h) = h**3 + 7*h**2 + 9*h - 2. Let j be d(k). Let w(i) = -i**3 + 6*i**2 - 7*i - 1. What is w(j)?
5
Let w(u) = -4*u + 12. Let d(q) = 271*q - 808. Let b be d(3). What is w(b)?
-8
Let j be (-8)/(-3) + 8 + (-96)/9. Let c(q) = -3*q - 115. Give c(j).
-115
Let j(f) be the third derivative of 0 - 1/60*f**5 - 92*f**2 + 1/2*f**3 - 5/8*f**4 + 0*f. Determine j(-15).
3
Let x(f) be the second derivative of -f**3/6 - f**2/2 - f. Let q = 393071 - 393070. Determine x(q).
-2
Let t(d) be the third derivative of -11/60*d**5 - 105*d**2 - 7/12*d**4 + 1/120*d**6 + 5/3*d**3 + 0 + 0*d. Determine t(12).
-14
Let y(n) = n**3 + 19*n**2 - 3*n - 49. Let o be y(-19). Let w(q) = 9*q + 31. Let b(z) = -5*z - 17. Let p(t) = 11*b(t) + 6*w(t). Give p(o).
-9
Let c = -29 + 31. Suppose 0 = -o + c*b + 5, 3*o - 2*b - 22 = -3*b. Let w(j) = o + j - j**2 - 1 + 2*j + 3*j. Calculate w(7).
-1
Let v(u) = u**2 + 9*u - 16. Suppose 0 = 758*h - 757*h + 10. Give v(h).
-6
Let h(x) = -2*x**2 - 8. Let t(f) = 9*f**2 - 7*f + 41. Let s(m) = 4*h(m) + t(m). Let b = 87 + -83. Determine s(b).
-3
Let d(k) be the third derivative of k**5/60 - k**4/24 - 3*k**3 + 19530*k**2. Suppose -j + 2*j = 0. Determine d(j).
-18
Let c be 3/(45/6)*-50. Suppose 5*p - 14 + 79 = -3*u, 3*u = -p - 73. Let b = c - u. Let i(n) = n**3 - 4*n**2 - 7*n + 6. Determine i(b).
-4
Suppose -5*o = -66 + 101. Let b = 27 - 25. Let m(f) = b - 223*f + 226*f + 2. Give m(o).
-17
Let v = 31 + -25. Let t(i) = v*i**2 + i**3 + 6 - 2 - 2 + i. What is t(-4)?
30
Let l(c) be the third derivative of c**7/840 + c**6/72 - c**5/30 + c**4/24 - 35*c**3/3 - 73*c**2. Let u(r) be the first derivative of l(r). Give u(-6).
-11
Suppose -2*o = 4*r - 14, 3 = 5*o - r - 21. Let s(g) be the first derivative of -g**3/3 + 4*g**2 + 3*g - 2. Calculate s(o).
18
Let f be -1 + 3 + 1 + -2. Let u(g) = 5*g**2 - f - 1 - 32*g - 37*g + 71*g. Suppose 0*y - 2*y = 4. Determine u(y).
14
Let v(n) be the second derivative of -n**4/12 - 2*n**3 + 21*n**2/2 + 2412*n. What is v(6)?
-87
Let u(g) = -630*g + 318*g + 320*g. Suppose 0 = 3*c + 2*c - 70. Let f(p) = -p + 13. Let j be f(c). Determine u(j).
-8
Suppose -p + 1 = 2*h - 6, -2*h + 5*p = -37. Suppose 0 = d + 2*s + 8, -3*d + 8 = -0*s - 2*s. Let o(r) = d - r**2 + 0 + 7*r + 2. Give o(h).
8
Let m(h) = 32*h + 8 + 2*h**2 - 3 - 33*h - h**2. Let g(u) = 15*u + 20. Let b be g(-6). Let s be 10/(-85) + b/(-17). Give m(s).
17
Let r(d) = -6*d + 11. Let a(w) be the third derivative of 31*w**4/24 - 19*w**3/2 - 3*w**2 - 4. Let p(m) = 2*a(m) + 11*r(m). Calculate p(-5).
27
Let o(n) = -n + 5. Let y = -4815 + 4817. Calculate o(y).
3
Let b = 9695 + -9715. Let t(k) = 4*k + 81. Determine t(b).
1
Let q(g) = 2*g**2 + 2*g + 5. Let z be (-190)/(-4)*(-10)/(-1 - 4). Suppose 0 = -91*f + z*f. Let o be q(f). Let h(w) = w**2 - 4*w. What is h(o)?
5
Let a(u) be the third derivative of u**4/6 + 5*u**3/3 + 1184*u**2. Calculate a(-1).
6
Let y(l) = l**2 - 17*l - 36. Suppose -4*x - 777 + 704 = -5*a, -3*a = 2*x - 57. What is y(a)?
-36
Let k be (-3 + 0 + -1)*3/3. Let h(z) = -4*z**3 + 2*z + 6. Let f(r) = -5*r**3 + r**2 + 2*r + 7. Let w(d) = 3*f(d) - 4*h(d). Give w(k).
-11
Let t(c) = 2*c**3 - 3*c**3 + 11*c**2 + 0 - c - 3 - 6. Let y(m) = 2*m**2 + 61*m - 427. Let f be y(6). Calculate t(f).
-20
Let s(t) = -t**3 - 6*t**2 + 3*t + 9. Let v(a) be the first derivative of -3*a**4 + 18. Let k be v(1). Let h be (k/(3/1))/((-6)/(-9)). Give s(h).
-9
Let h(o) = 14*o + 27. Let k(n) = -n - 1. Let v(u) = -h(u) + 3*k(u). Determine v(-4).
38
Let i(j) = j**3 - 11*j**2 + 21*j + 13. Let o = -4821 - -4831. Determine i(o).
123
Let v = 87 - 83. Suppose 0 = 5*q + 2*p + 43 - v, 5*q + 54 = 3*p. Let x be q + -1 - ((-1)/(-1) - 3). Let h(k) = k**3 + 7*k**2 - 6*k + 7. What is h(x)?
-9
Let h = 12 - 10. Let j(p) = -3 - h*p + 2 + 13 + p. Let y(q) = -8*q - 98. Let g be y(-13). Give j(g).
6
Let j(i) be the second derivative of -i**3/2 + 5*i**2 - 6*i. Let t be (-18)/(-45)*-4*(-5)/2. Calculate j(t).
-2
Let f(m) be the second derivative of -19*m - 3 + m**3 + 1/12*m**4 + m**2. What is f(-5)?
-3
Suppose 0 = 3*b + 6*j - 3*j - 9, -2*j = 4*b - 10. Let k(n) = n**3 + 30*n - 28*n + 2 - n**2 - 3*n**b. Give k(3).
-1
Let h(g) be the second derivative of g**7/840 + g**6/180 - g**5/60 + 4*g**3 + 104*g. Let t(x) be the second derivative of h(x). What is t(-3)?
-3
Let c = 1586 - 1573. Let w(l) = l**3 - 13*l**2 - 3*l - 13. Determine w(c).
-52
Let t(z) = -5*z - 4. Let o(p) = -6*p - 13. Let i(x) = 5*x + 11. Let k(r) = 7*i(r) + 6*o(r). Let g(u) = -2*k(u) + t(u). Determine g(2).
-8
Let y(u) = -u**3 - 12*u**2 - 11*u + 2. Suppose 3*m = -2*t + 3*t + 127, -4*t = -2*m + 98. Suppose -2*g - m = 2*f - 13, 0 = f - 2*g + 5. Calculate y(f).
2
Let c(b) = -3. Let k(l) = -l**2 - 6*l - 19. Let y = -232 + 236. Let v(o) = y*c(o) - k(o). What is v(-7)?
14
Let l be ((-18)/8 - 0)/(27/(-144)). Let v be 2/l - 253/(-66). Suppose 1 = -4*g - z, 9*z - 20 = 5*g + v*z. Let t(p) = -15*p**2 + p. Give t(g).
-16
Let i be 2/1 - (0 - 4). Let l(j) = -2*j**2 - 56*j + 193. Let p be l(-30). Let x(z) = -2*z**2 + 36 - p - i*z + 3*z**2 + 34. Calculate x(6).
-3
Suppose 6 = -3*r + 51. Suppose 2*p = l + 13, 5 = -4*l - r. Suppose p*b - 25 = 3*x + 2, x - 4 = -3*b. Let s(q) = q**3 - 3*q**2 - q - 3. Give s(b).
-6
Let g(t) = 2*t**2 - 6*t - 4. Let i(s) = -2*s**2 + 5*s + 3. Let h(o) = -5*g(o) - 6*i(o). Suppose -3*p + 8 = -4. What is h(p)?
34
Let z(n) = 4*n - 3 - n - 4*n. Let r = 1117 + -1121. Give z(r).
1
Let r(v) = 3*v - 3. Suppose -5*w = 2*q - 97, 0 = -8*w + 11*w + 3*q - 60. Let t = w - 15. Give r(t).
9
Let q(w) be the third derivative of w**8/20160 - w**7/420 - w**6/90 + 127*w**5/60 + 125*w**2. Let m(l) be the third derivative of q(l). Determine m(13).
5
Let b(h) be the first derivative of 7*h**3/3 - h**2 + h - 80. Let j = -9 + 7. Let l be (-2)/4*(0 + j). What is b(l)?
6
Suppose 5*b + 3*q - 32 + 17 = 0, 2*q = -2*b + 2. Let m(t) = -40*t + 250. Give m(b).
10
Let x(o) = 2*o**2 + 12 - 8 - 6*o + 3*o**2 + 0*o + o**3. Let r = -190 + 184. Determine x(r).
4
Let j(a) be the second derivative of a**4/12 - 39*a**2 + 259*a - 2. Calculate j(-9).
3
Let i(w) = 2*w - 12. Let v(y) be the third derivative of y**5/60 + 7*y**4/6 + 29*y**3/3 + 39*y**2 - 2. Let r be v(-26). What is i(r)?
0
Let q(r) be the first derivative of 72 - 3/2*r**2 + 9*r. Suppo